2
What is the remainder when (-4)/(16/(-9))*12 is divided by 90/(-4)*8/(-12)?
12
Let k = 78 - 31. Let q = -4 + k. Calculate the remainder when q is divided by (-1)/(-1) + -2 + 12.
10
Let q = -49 + 122. Let f(h) = h**3 - 2*h**2 - 3*h + 5. What is the remainder when q is divided by f(4)?
23
Let t = 62 + 13. Let n = -37 - -63. What is the remainder when t is divided by n?
23
Suppose 4*a = 4*p - 156, 165 = 4*p + 2*a + 3*a. Calculate the remainder when p is divided by 9.
4
What is the remainder when 12 is divided by (-2)/10 + 52/10?
2
Let v be (1 + 11)*(-12)/(-16). Suppose v + 0 = j. Calculate the remainder when 24 is divided by j.
6
Suppose 76 + 26 = 6*d. What is the remainder when 33 is divided by d?
16
Let l(b) = -b**2 - 4*b. Let u be l(-2). Suppose -5*o = 2*f + 7, -u*f + f = -o - 32. Let g = 1 + f. Calculate the remainder when 28 is divided by g.
8
Let o = 9 - 7. Calculate the remainder when 2 is divided by o.
0
Suppose -3*i = -2 - 88. Let b be 0/(0 + 1) + 3. Suppose 2*y + 52 = 2*d + d, -b*y = -d + 22. Calculate the remainder when i is divided by d.
14
Suppose 5*m = -0*m, -5*k - 5*m + 50 = 0. Suppose 8*q + 40 = k*q. What is the remainder when 57 is divided by q?
17
Let p(b) = 3*b**2 - 15*b - 3. Let l be ((44/(-1))/2)/(-2). Let j be p(l). Suppose -6*s = -s - j. Calculate the remainder when s is divided by 20.
19
Let o(g) = g + 7. Let y be o(-5). Suppose j = -y*m + 9 + 31, -3*j + 12 = 0. Calculate the remainder when 51 is divided by m.
15
Calculate the remainder when 18 is divided by 1*(-1)/7*2*-14.
2
Suppose -4*o + 344 = -s - 4*s, 0 = -3*o - 5*s + 258. Calculate the remainder when o is divided by 44.
42
Suppose 5*r - r - 76 = 0. Let g = -16 + 26. Calculate the remainder when r is divided by g.
9
Let w = 6 + -10. Calculate the remainder when (-15)/20 + (-163)/w is divided by 14.
12
Let x = 1 - 1. Let s = 8 + x. Suppose -2*h = -b - 9 - s, 0 = -5*b + 15. What is the remainder when h is divided by 6?
4
Suppose -4*i - 104 = f + f, 101 = -2*f - i. Calculate the remainder when 14 is divided by f/(-6) - (-2)/(-6).
6
Let b(v) = -v**2 + 7*v - 3. Let s be b(6). Suppose 2*d + 3*t + t - 32 = 0, 41 = 5*d - s*t. What is the remainder when 38 is divided by d?
8
Suppose -s = 2*s - 66. Let g = -12 + 24. Calculate the remainder when s is divided by g.
10
Let y = 148 + -98. Suppose -5*t = -4*o - 35, -o - o - 16 = -2*t. What is the remainder when y/8 - 2/8 is divided by t?
0
Let q(x) = 8*x**2 - 8*x. Let j(d) = -d**2 + 8*d - 9. Let b be j(6). Let g(y) = y**3 - 3*y**2 + 2*y + 3. What is the remainder when q(2) is divided by g(b)?
7
Let w be ((-4)/(-3))/((-2)/(-12)). Let i = 0 + w. Calculate the remainder when i is divided by -4*(-2 + (-6)/(-8)).
3
Suppose -y + 2 = -2. Let j = y + -19. Let i = 22 - j. What is the remainder when i is divided by 10?
7
Let o(a) = 2*a + 1. Let t be o(2). Suppose t*s - 96 = s. What is the remainder when s is divided by 9?
6
Suppose -u + 176 = 4*c, -5*c + 3*c = -5*u - 66. Let m = 81 - 42. Let k = -24 + m. What is the remainder when c is divided by k?
13
Let i = 32 - 5. Suppose -2*a + 3*a = 14. What is the remainder when i is divided by a?
13
Let c = -13 + 19. Calculate the remainder when 1/c - (-70)/12 is divided by 4.
2
What is the remainder when 7 is divided by -1*(-6)/(-3) + 5?
1
Suppose 2*n - d - 33 = -3*n, -3*n + 4*d + 30 = 0. What is the remainder when 22 is divided by n?
4
Calculate the remainder when (1 + (-21)/9)/((-4)/6) is divided by 2.
0
Let x(w) = -11*w. Let d be x(3). Let f = d + 96. What is the remainder when f is divided by 16?
15
Let z be (-16)/(-12)*(-3)/2. Let s(q) = -q**3 + 6*q**2 + 4*q + 8. Calculate the remainder when s(6) is divided by 10 - (z/(-2) - 2).
10
Let v = 7 + 2. Calculate the remainder when 71 is divided by v.
8
Suppose 4*g - 7*g + 39 = 0. What is the remainder when 51 is divided by g?
12
Suppose -56 = -0*r - 4*r. Calculate the remainder when 27 is divided by r.
13
Suppose 0 = -0*p + 5*p. Let y = 61 + -19. Suppose 3*s + 2*g = -0*s + y, p = s - 2*g - 22. Calculate the remainder when s is divided by 9.
7
Let c(m) = -17*m - 1. Let x = -16 - -15. Suppose 6*g - 2*g - 184 = 2*b, 5*g - 4*b = 230. What is the remainder when g is divided by c(x)?
14
Suppose -9*c + 18 = -189. Calculate the remainder when c is divided by 8.
7
Let k = -68 + 92. Let n = 168 + -110. Suppose 4*i = -n + 338. Calculate the remainder when i is divided by k.
22
Let o be 1/2*-2*-8. What is the remainder when 2469/33 - o/(-44) is divided by 19?
18
Let s(w) = -3*w**3 - w**2 - w. Let d be s(-1). Suppose 4*p + 2*u - d*u - 83 = 0, -19 = -2*p + 5*u. What is the remainder when p is divided by 12?
10
Let c = -6 - -9. Suppose -c*p + 15 = -3. What is the remainder when p is divided by 4?
2
Suppose 10 = -3*z + 52. Suppose 5*h - 99 + z = 0. What is the remainder when h is divided by 9?
8
Suppose 6*d - 236 = 2*d. Let j = -9 + 24. Calculate the remainder when d is divided by j.
14
Suppose r - 68 = -r. Calculate the remainder when 168 is divided by r.
32
Let g(o) = -15*o**3 - 2*o**2 - o. Let s = -2 - -1. Calculate the remainder when (1*(-27 + 2))/(-1) is divided by g(s).
11
Let k(i) = -i - i + 4*i. Let c be (0 + -3)/(3/(-2)). Calculate the remainder when 6 is divided by k(c).
2
Suppose 1 = -4*l + 3*k, 0 = -4*l - 3*k + 2 + 15. Suppose -2*p = -3*x + 31, 2 = -x - p + 4. Calculate the remainder when x is divided by l.
1
Calculate the remainder when (-5)/((-15)/78) - -3 is divided by (18/15)/((-6)/(-80)).
13
Suppose 0 = -0*d + 2*d + 5*s - 90, -5*d - s + 225 = 0. What is the remainder when d is divided by 1/(-4) + (-49)/(-4)?
9
Let m(j) = j**2 - 1. Let y be m(2). Suppose o - 108 = -y*o. What is the remainder when o is divided by (-70)/4*4/(-5)?
13
Let a(v) = -v**2 + 6*v - 3. Suppose -2*k + 5*w + 35 = -0*w, k + 5*w + 20 = 0. Let b be a(k). Calculate the remainder when 18 is divided by (-1)/b + (-21)/(-2).
8
Let p(u) = u**2 - u - 2. Calculate the remainder when 13 is divided by p(3).
1
What is the remainder when 16 is divided by 16/(-40) - (-47)/5?
7
Let z(m) = m**2 - 6*m + 6. Let c be z(7). Let n = 0 + c. Suppose 2*q - 1 = 7. Calculate the remainder when n is divided by q.
1
Suppose 0 = -h + 4*h - 60. Let o = 146 - 233. Let u = 145 + o. Calculate the remainder when u is divided by h.
18
Calculate the remainder when -4 + 103 - (-4)/(2/1) is divided by 28.
17
What is the remainder when 13 is divided by (-111)/(-21) - (-2)/(-7)?
3
Let b be (12/30)/(1/(-30)). What is the remainder when -16*(1 - b/(-4)) is divided by 17?
15
Let v(r) = 5*r**2 - 2. Suppose -13*n + 12*n + 53 = 0. What is the remainder when n is divided by v(-2)?
17
Let l be -24*(30/(-8))/(-5). Let t = -20 - -42. What is the remainder when t is divided by (24/l)/((-2)/12)?
6
What is the remainder when 214 is divided by 368/10 + (-12)/15?
34
Suppose 3*n = -l - 2*n + 31, 2*n + 76 = 3*l. Let d(a) = 1 + 10*a - a + 4*a. Calculate the remainder when l is divided by d(1).
12
Suppose -12*p - 15 = -15*p. Let w(l) = 2*l - 9. Let m(i) = i**2 - 5*i + 2. Calculate the remainder when m(5) is divided by w(p).
0
Let w(f) = -f**2 + 11*f - 7. Calculate the remainder when w(6) is divided by (0 + 3 + -4)*-6.
5
Let u = 43 - 13. Let k = u - 21. Suppose -23 - 21 = -2*t - 5*y, -19 = -t - y. Calculate the remainder when t is divided by k.
8
Let b(c) = c - 1. Let t be b(-4). Let a = 2 - t. What is the remainder when 19 is divided by a?
5
Suppose -5*f - 10 = 0, 5*v + 5*f = 157 + 123. What is the remainder when v is divided by 12?
10
Let i(g) = 45*g**2 - 1. Let k be i(1). Suppose 0*m = 2*m - k. Calculate the remainder when 65 is divided by m.
21
Let h(d) = 3*d**2 + 4*d. Let s be h(-4). Suppose 0 = 3*i + i - s. Calculate the remainder when i is divided by 3.
2
Let j = 5 + -15. Let r = j + 33. Calculate the remainder when 89 is divided by r.
20
Let r(o) = -o + 6. Let y be (424/4 - 2)/2. Suppose 14 = -j + y. What is the remainder when j is divided by r(-7)?
12
Let q = -26 + 75. Suppose 0 = x - 0*x - q. Calculate the remainder when x is divided by 17.
15
Let b = 20 + -18. Suppose -26 = -b*s - 4*q, -5*q - 110 = -s - 4*s. What is the remainder when 35 is divided by s?
16
Let h(q) = 2*q**2 + 5*q + 2. What is the remainder when 53 is divided by h(-4)?
11
Let f = 125 - 62. Let c = 148 - f. Let n = -56 + c. Calculate the remainder when n is 